e factors of 10089.
3, 19, 59
List the prime factors of 2881.
43, 67
What are the prime factors of 48523?
48523
List the prime factors of 1092.
2, 3, 7, 13
What are the prime factors of 57344?
2, 7
List the prime factors of 1161.
3, 43
List the prime factors of 294.
2, 3, 7
List the prime factors of 187375.
5, 1499
List the prime factors of 1759.
1759
What are the prime factors of 19451?
53, 367
List the prime factors of 1856.
2, 29
What are the prime factors of 1020?
2, 3, 5, 17
List the prime factors of 27965.
5, 7, 17, 47
What are the prime factors of 4469?
41, 109
What are the prime factors of 11587?
11587
What are the prime factors of 13893?
3, 11, 421
What are the prime factors of 635?
5, 127
List the prime factors of 605.
5, 11
List the prime factors of 4141.
41, 101
List the prime factors of 108.
2, 3
What are the prime factors of 2566?
2, 1283
List the prime factors of 50509.
53, 953
List the prime factors of 48325.
5, 1933
What are the prime factors of 51373?
7, 41, 179
List the prime factors of 1565.
5, 313
List the prime factors of 3620.
2, 5, 181
List the prime factors of 10380.
2, 3, 5, 173
What are the prime factors of 794?
2, 397
List the prime factors of 9170.
2, 5, 7, 131
List the prime factors of 14852.
2, 47, 79
List the prime factors of 8126.
2, 17, 239
What are the prime factors of 462?
2, 3, 7, 11
List the prime factors of 1181.
1181
List the prime factors of 2635.
5, 17, 31
What are the prime factors of 11448?
2, 3, 53
What are the prime factors of 12403?
79, 157
What are the prime factors of 109778?
2, 131, 419
What are the prime factors of 772?
2, 193
List the prime factors of 5186.
2, 2593
What are the prime factors of 31916?
2, 79, 101
List the prime factors of 7667.
11, 17, 41
What are the prime factors of 573?
3, 191
List the prime factors of 26349.
3, 8783
What are the prime factors of 82?
2, 41
What are the prime factors of 6590?
2, 5, 659
List the prime factors of 18664.
2, 2333
List the prime factors of 39416.
2, 13, 379
List the prime factors of 8319.
3, 47, 59
List the prime factors of 8158.
2, 4079
List the prime factors of 17425.
5, 17, 41
What are the prime factors of 4593?
3, 1531
List the prime factors of 15752.
2, 11, 179
What are the prime factors of 28939?
43, 673
List the prime factors of 4530.
2, 3, 5, 151
List the prime factors of 19816.
2, 2477
List the prime factors of 80763.
3, 26921
List the prime factors of 4787.
4787
List the prime factors of 275.
5, 11
What are the prime factors of 167759?
167759
List the prime factors of 14135.
5, 11, 257
What are the prime factors of 8257?
23, 359
What are the prime factors of 1517?
37, 41
List the prime factors of 1269.
3, 47
List the prime factors of 29975.
5, 11, 109
What are the prime factors of 3450?
2, 3, 5, 23
List the prime factors of 27677.
13, 2129
What are the prime factors of 2077?
31, 67
List the prime factors of 11434.
2, 5717
List the prime factors of 10990.
2, 5, 7, 157
What are the prime factors of 2344?
2, 293
What are the prime factors of 2863?
7, 409
What are the prime factors of 59048?
2, 11, 61
List the prime factors of 581.
7, 83
List the prime factors of 35015.
5, 47, 149
List the prime factors of 26888.
2, 3361
What are the prime factors of 16701?
3, 19, 293
What are the prime factors of 2031?
3, 677
What are the prime factors of 2189?
11, 199
List the prime factors of 21240.
2, 3, 5, 59
List the prime factors of 7540.
2, 5, 13, 29
What are the prime factors of 9873?
3, 1097
List the prime factors of 2082.
2, 3, 347
What are the prime factors of 3242?
2, 1621
List the prime factors of 11051.
43, 257
List the prime factors of 7548.
2, 3, 17, 37
List the prime factors of 11724.
2, 3, 977
What are the prime factors of 7335?
3, 5, 163
List the prime factors of 21699.
3, 2411
List the prime factors of 403.
13, 31
What are the prime factors of 3941?
7, 563
List the prime factors of 2848.
2, 89
What are the prime factors of 1967?
7, 281
List the prime factors of 8158.
2, 4079
List the prime factors of 66613.
29, 2297
What are the prime factors of 60396?
2, 3, 7, 719
What are the prime factors of 39635?
5, 7927
What are the prime factors of 4963?
7, 709
List the prime factors of 56477.
56477
List the prime factors of 1393.
7, 199
What are the prime factors of 34164?
2, 3, 13, 73
What are the prime factors of 4599?
3, 7, 73
What are the prime factors of 7009?
43, 163
What are the prime factors of 159176?
2, 101, 197
List the prime factors of 2735.
5, 547
List the prime factors of 18839.
18839
List the prime factors of 6225.
3, 5, 83
What are the prime factors of 816?
2, 3, 17
What are the prime factors of 3653?
13, 281
List the prime factors of 737.
11, 67
What are the prime factors of 1587?
3, 23
List the prime factors of 632.
2, 79
List the prime factors of 41597.
41597
List the prime factors of 9646.
2, 7, 13, 53
List the prime factors of 6042.
2, 3, 19, 53
List the prime factors of 608.
2, 19
What are the prime factors of 1866?
2, 3, 311
List the prime factors of 17602.
2, 13, 677
List the prime factors of 27299.
27299
What are the prime factors of 3667?
19, 193
List the prime factors of 1203.
3, 401
What are the prime factors of 3996?
2, 3, 37
What are the prime factors of 65233?
7, 9319
What are the prime factors of 3487?
11, 317
What are the prime factors of 5503?
5503
What are the prime factors of 66000?
2, 3, 5, 11
What are the prime factors of 1135?
5, 227
What are the prime factors of 2345?
5, 7, 67
What are the prime factors of 2922?
2, 3, 487
What are the prime factors of 7113?
3, 2371
What are the prime factors of 311?
311
What are the prime factors of 96723?
3, 11, 977
What are the prime factors of 920?
2, 5, 23
List the prime factors of 1890.
2, 3, 5, 7
List the prime factors of 7387.
83, 89
What are the prime factors of 5568?
2, 3, 29
What are the prime factors of 1771?
7, 11, 23
List the prime factors of 76882.
2, 13, 2957
What are the prime factors of 1776?
2, 3, 37
What are the prime factors of 1200?
2, 3, 5
What are the prime factors of 49902?
2, 3, 8317
What are the prime factors of 871?
13, 67
What are the prime factors of 456?
2, 3, 19
What are the prime factors of 73472?
2, 7, 41
What are the prime factors of 2444?
2, 13, 47
List the prime factors of 17950.
2, 5, 359
List the prime factors of 1544.
2, 193
List the prime factors of 476.
2, 7, 17
List the prime factors of 29594.
2, 14797
List the prime factors of 96.
2, 3
What are the prime factors of 2869?
19, 151
What are the prime factors of 12471?
3, 4157
List the prime factors of 4935.
3, 5, 7, 47
What are the prime factors of 4455?
3, 5, 11
What are the prime factors of 326?
2, 163
List the prime factors of 823.
823
List the prime factors of 93457.
7, 13, 79
List the prime factors of 3025.
5, 11
List the prime factors of 5032.
2, 17, 37
What are the prime factors of 938?
2, 7, 67
List the prime factors of 2503.
2503
What are the prime factors of 7160?
2, 5, 179
List the prime factors of 61.
61
What are the prime factors of 498?
2, 3, 83
List the prime factors of 696.
2, 3, 29
List the prime factors of 299.
13, 23
What are the prime factors of 3141?
3, 349
List the prime factors of 1616.
2, 101
List the prime factors of 9917.
47, 211
List the prime factors of 41046.
2, 3, 6841
What are the prime factors of 40221?
3, 41, 109
What are the prime factors of 60347?
7, 37, 233
What are the prime factors of 24509?
24509
List the prime factors of 12098.
2, 23, 263
What are the prime factors of 1909?
23, 83
List the prime factors of 64542.
2, 3, 31, 347
List the prime factors of 1705.
5, 11, 31
List the prime factors of 9943.
61, 163
What are the prime factors of 1489?
1489
List the prime factors of 20595.
3, 5, 1373
List the prime factors of 15191.
11, 1381
What are the prime factors of 1850?
2, 5, 37
What are the prime factors of 2230?
2, 5, 223
What are the prime factors of 712?
2, 89
What are the prime factors of 789?
3, 263
What are the prime factors of 232?
2, 29
List the prime factors of 3260.
2, 5, 163
List the prime factors of 741.
3, 13, 19
What are the prime factors of 32320?
2, 5, 101
List the prime factors of 77422.
2, 38711
List the prime factors of 73.
73
What are the prime factors of 141422?
2, 31, 2281
List the prime factors of 2133.
3, 79
What are 